 + 6. Let y be (j - -1)*(-144)/120. List the prime factors of ((-9)/y)/((-3)/(-82)).
41
Let s = 3672 + -4. List the prime factors of s.
2, 7, 131
Suppose -73*j = -886568 + 218460 - 145477. What are the prime factors of j?
3, 5, 743
Let j(s) = 10*s - 2. Let b be j(1). What are the prime factors of 4/1 - (-3068 + 4)/b?
3, 43
Let o = -3864 - -8056. List the prime factors of o.
2, 131
Suppose -156*g + 1677852 = 42*g. List the prime factors of g.
2, 19, 223
Let h = -3730 - -4639. List the prime factors of h.
3, 101
Let r be (250/(-3))/((-690)/684 - -1). What are the prime factors of r/30 + (-1)/((-9)/(-6))?
2, 79
Suppose 4*d + v - 368 = 0, -3*d + 368 = d + 5*v. Let m(n) = 71 + 43 + n - d. List the prime factors of m(-5).
17
Let n(z) = 2608*z**2 + 69*z + 295. What are the prime factors of n(-4)?
109, 383
Let s = 142 + -117. Let r = -23 + s. Suppose -4*a + 266 = -r*m, 3*m + 66 = a + 7. What are the prime factors of a?
2, 17
Let n = -821 + 368. List the prime factors of (-3)/(-6)*n*-4.
2, 3, 151
Suppose 2*c = -378 + 1242. Suppose -45*p + c = -42*p. List the prime factors of p.
2, 3
Let d be -3 - (40/(-14))/((-48)/(-168)). Suppose 0 = d*k - 10*k - v + 3626, v = -2*k + 2416. List the prime factors of k.
2, 5, 11
Let i be -5 + -4*(-543)/6. Suppose 56 = f - i. List the prime factors of f.
7, 59
Suppose -2209 + 725 = -4*l. Suppose -2*k - l = 593. Let x = -240 - k. List the prime factors of x.
2, 11
Let v(l) = -10*l + 58. Let k(u) = 9*u - 56. Let h(z) = 5*k(z) + 4*v(z). What are the prime factors of h(10)?
2
Let b(z) = -z**3 + 2*z**2 - 2*z + 1. Let a be b(1). Suppose j + 4 = -1, a = 5*i - 3*j - 1675. Suppose i = 12*x - 8*x. List the prime factors of x.
83
Let d(t) = -10*t**2 + 12*t + 55. Let h(l) = -21*l**2 + 24*l + 108. Let r(f) = -5*d(f) + 2*h(f). What are the prime factors of r(12)?
13, 73
Let j = 244 - 166. Suppose -j*x + 5760 = -69*x. What are the prime factors of x?
2, 5
Suppose 3*s - s + 60 = -3*u, 0 = 4*s + 12. Let k(p) = -3 - 2 + 18 + 205*p + 18 - 204*p. What are the prime factors of k(u)?
13
Let r = -8899 + 36947. List the prime factors of r.
2, 1753
Let m = 223 + -130. Let c = 13 - 65. Let p = m + c. List the prime factors of p.
41
Let r(n) = -34*n**2 + 2*n + 1. Let t be r(2). Let z = 138 + t. Suppose z*x - 1295 + 21 = 0. List the prime factors of x.
2, 7, 13
Let o = 17064 - 11145. List the prime factors of o.
3, 1973
Suppose -2*p - 3 - 13 = -4*w, 5*p + 62 = -w. Let h be 254/p - (-3)/18. Let r(y) = y**2 + 15*y + 8. What are the prime factors of r(h)?
2, 67
Let g(p) = -p**3 - 18*p**2 - 6*p + 17. Let n be g(-18). Suppose 0 = -2*c - 165 - n. Let m = 206 + c. What are the prime factors of m?
61
Suppose -4183442 - 846926 = -272*f. List the prime factors of f.
2, 7, 1321
Let m = 61266 - 40693. What are the prime factors of m?
7, 2939
Suppose 3*c = -4*o - 29, 50*c - 2*o - 4 = 48*c. List the prime factors of (-8 - -14 - -1399) + c + 0.
2, 701
What are the prime factors of 2278/(((-165)/66)/((-245)/4))?
7, 17, 67
Let p(f) = -f**3 - 18*f**2 + 15*f + 15. Let a be p(-19). Suppose 95*g = a*g + 180. What are the prime factors of g?
3, 5
Let a = 3604 - 208. What are the prime factors of a?
2, 3, 283
Let i(q) = -q**2 - 7*q + 1047. Let s be i(0). Let u = s + -653. List the prime factors of u.
2, 197
List the prime factors of (-366035)/(-15) + -8 + 145/15.
2, 6101
Suppose 400 - 1730 = -2*z. List the prime factors of z.
5, 7, 19
Let u(l) = -8*l + 12. Let n be (2 + 1 + 2 + -3)*-4. Let j be u(n). Suppose 0 = -5*x + j + 294. What are the prime factors of x?
2, 37
List the prime factors of (-10703)/278*(-9414)/21.
3, 11, 523
Let w(t) = 14*t**2 - 247*t - 35. What are the prime factors of w(60)?
5, 7109
Suppose -8213 + 7262 - 19686 = -3*d. List the prime factors of d.
3, 2293
Suppose 4*u + 0*k = 2*k + 8632, 0 = -2*u + 5*k + 4332. What are the prime factors of u?
2, 7, 11
Let m = -538 + 1523. Let f = -191 + m. List the prime factors of f.
2, 397
Suppose 7*u - 1339 - 796 = 0. Suppose -u - 187 = -3*x. What are the prime factors of x?
2, 41
Let p(n) = -n**3 - 21*n**2 - 4*n - 17. Let q be ((-14)/3)/(7/(189/6)). What are the prime factors of p(q)?
67
Let z(o) = -o**2 - 19*o + 145. Let f be z(-23). Suppose -30*p + 353 - f = 0. What are the prime factors of p?
2, 5
Suppose -43*y + 46*y - 3 = 0. Let w be 2*1 - (4 - y - 78). Suppose 8*h - 107 - w = 0. What are the prime factors of h?
23
Let p be (1 - 0)/((-2)/258). Suppose l + 99 = -3*s - 49, -479 = 3*l + 2*s. Let j = p - l. List the prime factors of j.
2, 17
Suppose 552 = 2*g + 4*s, 0*s - s = 3*g - 813. Suppose g + 258 = 2*l. List the prime factors of l.
2, 3, 11
List the prime factors of 1251072/1224 - ((-19)/(-17) - 1).
2, 7, 73
Suppose -167*i + 848439 = -501088. What are the prime factors of i?
8081
Let f = 12773 - 5749. What are the prime factors of f?
2, 439
Let k = 8849 + -8882. Let x = -109 - -303. What are the prime factors of (-39)/k - 1 - x/(-22)?
3
Let q = -40 - -38. Let n be 44/q*9/(-18). Let z = 29 - n. List the prime factors of z.
2, 3
Let n(f) = 31*f + 1296. What are the prime factors of n(71)?
13, 269
Suppose 0*w - 5*w + 3*b + 936 = 0, 2*w - 364 = -4*b. Suppose -3*u - j + 138 = 0, -5*u + 3*j = -44 - w. Suppose t = u - 36. What are the prime factors of t?
2, 5
Let v(t) = 4*t**3 + 103*t**2 - 38*t - 79. List the prime factors of v(-25).
2, 1373
Let x be (-433 + 1)*(-7)/14. Suppose -x = -8*a - a. Suppose -a = 3*p - 9, -p - 116 = -v. List the prime factors of v.
3, 37
Let v(p) be the first derivative of -3*p**2/2 + 2*p - 1. Let l be v(2). What are the prime factors of (-1)/((-1)/86) + l?
2, 41
Suppose 1 = 3*i - 5*i + o, i - 2*o = -8. List the prime factors of (-1676)/i*(2 + (-15)/6).
419
Suppose 2*v - 45101 - 4987 = 5*j, -2*v + 50088 = 2*j. What are the prime factors of v?
2, 3, 2087
Let q(z) = 19*z**2 + 14*z - 47. Let j be q(11). Suppose -4*s = 2*v - 2408, 4*v = 6*v + 3*s - j. List the prime factors of v.
2, 3, 5
Suppose 5*r = -4*d + 3878, -2*d - 37*r + 1942 = -36*r. Suppose -k = -o - 190 - 296, -o - d = -2*k. What are the prime factors of k?
2, 3
Let o = 222 + -349. Let h = o + 253. List the prime factors of h.
2, 3, 7
Suppose -21*u + 34*u - 169 = 0. Suppose u*d = -1642 + 17190. What are the prime factors of d?
2, 13, 23
Suppose -5*f = -3*f + 2. Let l be f/(-1 - 10/(-12)). Suppose 4*r - 344 = 3*z, l*z = 2*z - 16. What are the prime factors of r?
83
Let v = 122774 - 80088. What are the prime factors of v?
2, 7, 3049
Let x(u) be the first derivative of 4*u**2 - 32*u - 8. Let l be x(4). Let j(o) = -o**2 - 3*o + 53. List the prime factors of j(l).
53
Let x be (-100)/(-550) + (-9918)/(-22). Let i = 686 - x. What are the prime factors of i?
5, 47
Let l(y) = 0 + 4 + 2*y**2 + 35*y - 31*y. Let p be l(-1). Suppose -p*c + 2 = -q - 13, -2*q = 2*c - 30. List the prime factors of c.
2, 5
Let z = 19497 - 9446. List the prime factors of z.
19, 23
List the prime factors of 1/(4 + 397986/(-9476)*44/462).
7, 23, 103
Suppose 55*m + 60 = 75*m. List the prime factors of (-3)/m + 7 - -938.
2, 59
Let g(m) = 25*m + 5663. What are the prime factors of g(-59)?
2, 3, 349
Let b = -9082 - -11212. List the prime factors of b.
2, 3, 5, 71
Let y(g) = -97*g - 1. Let p be y(-1). Let o = 73 + p. What are the prime factors of o?
13
Suppose 137 + 969 = -105*b - 49. Let j(d) = 14*d + 34. Let x(w) = -9*w - 23. Let z(c) = -5*j(c) - 7*x(c). List the prime factors of z(b).
2, 17
Suppose -2*t + 12 = 2*t, t - 9 = f. What are the prime factors of 2/(((-48)/2380)/f)?
5, 7, 17
Let o(n) be the second derivative of 205*n**3/3 + 9*n**2/2 + 5*n. Let r be o(1). Suppose -76 - r = -5*y. List the prime factors of y.
3, 11
Suppose 4*a = 4*x + 192, -2*a + 98 = 2*x - 6. Suppose 100 = -4*v + 886 + 118. Let d = v - a. What are the prime factors of d?
2, 11
Suppose 19*l - 54 = 3. Suppose -l*p + 2*j + 4088 = 0, 0 = 3*j - 6 + 18. List the prime factors of p.
2, 5, 17
Suppose -4*r + 5596 = -4*x, -3*x + x = 4*r - 5566. Let a = r - 978. What are the prime factors of a?
2, 13
Let r(j) = -1. Let u(w) = 5*w + 20. Let i(t) = -6*r(t) - u(t). Let s be i(-2). What are the prime factors of -1 - (s - (0 - 29*-3))?
2, 3, 5
Let h = -4141 - -4933. What are the prime factors of h?
2, 3, 11
Suppose -k + 12 = -2*k. Let g be (-8)/k - (-19)/3. Suppose g*w = 5*w + 152. List the prime factors of 